sands digit of 180489?
1
What is the hundreds digit of 225744?
7
What is the units digit of 196137?
7
What is the thousands digit of 18715233?
5
What is the hundreds digit of 1720048?
0
What is the ten thousands digit of 218242?
1
What is the thousands digit of 24326029?
6
What is the tens digit of 730572?
7
What is the tens digit of 202600?
0
What is the ten thousands digit of 32958121?
5
What is the hundred thousands digit of 2882350?
8
What is the thousands digit of 424350?
4
What is the units digit of 24813446?
6
What is the units digit of 695671?
1
What is the hundreds digit of 858137?
1
What is the millions digit of 1366720?
1
What is the thousands digit of 244435?
4
What is the ten thousands digit of 5330228?
3
What is the units digit of 86511?
1
What is the hundred thousands digit of 10682936?
6
What is the ten thousands digit of 3695835?
9
What is the ten millions digit of 28991697?
2
What is the tens digit of 8888?
8
What is the units digit of 96489?
9
What is the ten thousands digit of 918601?
1
What is the tens digit of 10912558?
5
What is the thousands digit of 250707?
0
What is the units digit of 498161?
1
What is the ten thousands digit of 2183398?
8
What is the tens digit of 10960253?
5
What is the hundred thousands digit of 267100?
2
What is the ten thousands digit of 1500084?
0
What is the tens digit of 1443043?
4
What is the millions digit of 18985234?
8
What is the ten thousands digit of 863466?
6
What is the ten thousands digit of 6347152?
4
What is the thousands digit of 968097?
8
What is the hundreds digit of 1074953?
9
What is the thousands digit of 4686803?
6
What is the ten thousands digit of 3390661?
9
What is the thousands digit of 4954698?
4
What is the millions digit of 5010211?
5
What is the tens digit of 694785?
8
What is the thousands digit of 227315?
7
What is the tens digit of 181367?
6
What is the tens digit of 883233?
3
What is the units digit of 2594186?
6
What is the tens digit of 10232851?
5
What is the ten thousands digit of 383748?
8
What is the tens digit of 797044?
4
What is the units digit of 11096078?
8
What is the ten thousands digit of 4435653?
3
What is the tens digit of 407333?
3
What is the thousands digit of 525276?
5
What is the thousands digit of 173123?
3
What is the thousands digit of 69330?
9
What is the ten thousands digit of 9792711?
9
What is the millions digit of 2215690?
2
What is the tens digit of 190042?
4
What is the thousands digit of 505960?
5
What is the tens digit of 12666154?
5
What is the thousands digit of 7727832?
7
What is the ten thousands digit of 283946?
8
What is the hundreds digit of 40312?
3
What is the hundreds digit of 22438416?
4
What is the ten millions digit of 15946916?
1
What is the units digit of 1559177?
7
What is the hundreds digit of 323993?
9
What is the thousands digit of 4138288?
8
What is the tens digit of 317035?
3
What is the units digit of 3068?
8
What is the thousands digit of 2401374?
1
What is the ten thousands digit of 785865?
8
What is the units digit of 1296520?
0
What is the hundreds digit of 1864?
8
What is the ten thousands digit of 357033?
5
What is the hundreds digit of 293176?
1
What is the thousands digit of 9653957?
3
What is the hundred thousands digit of 340322?
3
What is the ten thousands digit of 5415197?
1
What is the millions digit of 2336655?
2
What is the hundreds digit of 116209?
2
What is the units digit of 5762726?
6
What is the millions digit of 24707883?
4
What is the hundred thousands digit of 9418069?
4
What is the units digit of 53652?
2
What is the tens digit of 421514?
1
What is the ten thousands digit of 2339649?
3
What is the tens digit of 296486?
8
What is the units digit of 1962720?
0
What is the tens digit of 4363124?
2
What is the hundreds digit of 102747?
7
What is the tens digit of 3878737?
3
What is the hundreds digit of 37548523?
5
What is the millions digit of 2506133?
2
What is the millions digit of 5245461?
5
What is the units digit of 257235?
5
What is the thousands digit of 279554?
9
What is the tens digit of 1088377?
7
What is the ten thousands digit of 1391206?
9
What is the hundred thousands digit of 734491?
7
What is the ten thousands digit of 4227473?
2
What is the millions digit of 12276347?
2
What is the ten thousands digit of 7888767?
8
What is the units digit of 635922?
2
What is the units digit of 217934?
4
What is the hundreds digit of 138252?
2
What is the ten thousands digit of 265149?
6
What is the hundreds digit of 5087100?
1
What is the thousands digit of 26391594?
1
What is the ten millions digit of 12181009?
1
What is the thousands digit of 11051537?
1
What is the tens digit of 866745?
4
What is the hundreds digit of 859018?
0
What is the ten thousands digit of 134393?
3
What is the units digit of 624002?
2
What is the tens digit of 130415?
1
What is the hundreds digit of 116437?
4
What is the ten thousands digit of 169206?
6
What is the tens digit of 1645167?
6
What is the ten thousands digit of 1339604?
3
What is the ten thousands digit of 169221?
6
What is the thousands digit of 6922605?
2
What is the thousands digit of 816745?
6
What is the tens digit of 1054339?
3
What is the units digit of 1258499?
9
What is the hundreds digit of 20025754?
7
What is the thousands digit of 1628430?
8
What is the units digit of 1598363?
3
What is the ten thousands digit of 4620452?
2
What is the units digit of 523236?
6
What is the hundred thousands digit of 2302108?
3
What is the units digit of 48769?
9
What is the ten thousands digit of 386964?
8
What is the thousands digit of 92258?
2
What is the units digit of 30482611?
1
What is the thousands digit of 1496463?
6
What is the hundred thousands digit of 4931509?
9
What is the hundreds digit of 3245820?
8
What is the units digit of 6230395?
5
What is the tens digit of 7897772?
7
What is the thousands digit of 21064795?
4
What is the ten thousands digit of 16314325?
1
What is the hundred thousands digit of 3403778?
4
What is the millions digit of 3164846?
3
What is the tens digit of 3158331?
3
What is the hundred thousands digit of 6131975?
1
What is the units digit of 287086?
6
What is the thousands digit of 237576?
7
What is the millions digit of 21397690?
1
What is the ten thousands digit of 14946?
1
What is the thousands digit of 792032?
2
What is the thousands digit of 701577?
1
What is the hundreds digit of 13354?
3
What is the millions digit of 9720138?
9
What is the units digit of 2337739?
9
What is the tens digit of 5850959?
5
What is the hundred thousands digit of 2314854?
3
What is the hundreds digit of 1233912?
9
What is the ten thousands digit of 8011874?
1
What is the hundreds digit of 133222?
2
What is the hundred thousands digit of 8577045?
5
What is the hundred thousands digit of 2684782?
6
What is the ten thousands digit of 387900?
8
What is the units digit of 870059?
9
What is the millions digit of 21840013?
1
What is the hundred thousands digit of 1421218?
4
What is the millions digit of 1191664?
1
What is the thousands digit of 6958441?
8
What is the ten thousands digit of 12881?
1
What is the hundred thousands digit of 8912160?
9
What is the ten millions digit of 20398234?
2
What is the tens digit of 607123?
2
What is the hundreds digit of 723149?
1
What is the hundred thousands digit of 12902330?
9
What is the thousands digit of 2886926?
6
What is the thousands digit of 6151973?
1
What is the ten thousands digit of 1524781?
2
What is the hundred thousands digit of 118368?
1
What is the thousands digit of 377213?
7
What is the thousands digit of 66064?
6
What is the ten thousands digit of 163484?
6
What is the tens digit of 102157?
5
What is the ten thousands digit of 97031?
9
What is the thousands digit of 241402?
1
What is the thousands digit of 2772084?
2
What is the thousands digit of 644297?
4
What is the thousands digit of 26672354?
2
What is the thousands digit of 286031?
6
What is the hundreds digit of 9148692?
6
What is the thousands digit of 6334430?
4
What is the thousands digit of 29424549?
4
What is the hundreds digit of 11922957?
9
What is the units digit of 488119?
9
What is the tens digit of 29651?
5
What is the hundred thousands digit of 17306516?
3
What is the thousands digit of 8289490?
9
What is the 